{"id":96,"date":"2015-07-14T12:04:23","date_gmt":"2015-07-14T12:04:23","guid":{"rendered":"http:\/\/arte-cristal.de\/?page_id=96"},"modified":"2021-07-03T05:09:31","modified_gmt":"2021-07-03T05:09:31","slug":"ausstellung","status":"publish","type":"page","link":"http:\/\/arte-cristal.de\/?page_id=96","title":{"rendered":"Ausstellungen"},"content":{"rendered":"\n\n<h2 style=\"text-align: left;\">&nbsp;<\/h2>\n<h2 style=\"text-align: left;\"><strong>Termine 2021<\/strong><\/h2>\n<p style=\"text-align: left;\">Ich bin mit meinen Schmuckkreationen im \u201cIDEENREICH\u201d in der Neustr. 24, 54290 Trier vertreten.<\/p>\n<p style=\"text-align: left;\">Dort pr\u00e4sentieren mehrere kreative K\u00fcnstlerinnen ihre handgefertigten Kunstgegenst\u00e4nde und bieten sie zum Kauf an.<\/p>\n<p>&nbsp;<\/p>\n<p>&nbsp;<\/p>","protected":false},"excerpt":{"rendered":"<p>&nbsp; Termine 2021 Ich bin mit meinen Schmuckkreationen im \u201cIDEENREICH\u201d in der Neustr. 24, 54290 Trier vertreten. Dort pr\u00e4sentieren mehrere kreative K\u00fcnstlerinnen ihre handgefertigten Kunstgegenst\u00e4nde [&hellip;]<\/p>\n","protected":false},"author":1,"featured_media":0,"parent":0,"menu_order":0,"comment_status":"closed","ping_status":"closed","template":"template-full-width.php","meta":{"ngg_post_thumbnail":0,"footnotes":""},"class_list":["post-96","page","type-page","status-publish","hentry"],"_links":{"self":[{"href":"http:\/\/arte-cristal.de\/index.php?rest_route=\/wp\/v2\/pages\/96","targetHints":{"allow":["GET"]}}],"collection":[{"href":"http:\/\/arte-cristal.de\/index.php?rest_route=\/wp\/v2\/pages"}],"about":[{"href":"http:\/\/arte-cristal.de\/index.php?rest_route=\/wp\/v2\/types\/page"}],"author":[{"embeddable":true,"href":"http:\/\/arte-cristal.de\/index.php?rest_route=\/wp\/v2\/users\/1"}],"replies":[{"embeddable":true,"href":"http:\/\/arte-cristal.de\/index.php?rest_route=%2Fwp%2Fv2%2Fcomments&post=96"}],"version-history":[{"count":46,"href":"http:\/\/arte-cristal.de\/index.php?rest_route=\/wp\/v2\/pages\/96\/revisions"}],"predecessor-version":[{"id":684,"href":"http:\/\/arte-cristal.de\/index.php?rest_route=\/wp\/v2\/pages\/96\/revisions\/684"}],"wp:attachment":[{"href":"http:\/\/arte-cristal.de\/index.php?rest_route=%2Fwp%2Fv2%2Fmedia&parent=96"}],"curies":[{"name":"wp","href":"https:\/\/api.w.org\/{rel}","templated":true}]}}

<h2 style="text-align: left;">&nbsp;</h2>
<h2 style="text-align: left;"><strong>Termine 2021</strong></h2>
<p style="text-align: left;">Ich bin mit meinen Schmuckkreationen im “IDEENREICH” in der Neustr. 24, 54290 Trier vertreten.</p>
<p style="text-align: left;">Dort präsentieren mehrere kreative Künstlerinnen ihre handgefertigten Kunstgegenstände und bieten sie zum Kauf an.</p>
<p>&nbsp;</p>
<p>&nbsp;</p>

<p>&nbsp; Termine 2021 Ich bin mit meinen Schmuckkreationen im “IDEENREICH” in der Neustr. 24, 54290 Trier vertreten. Dort präsentieren mehrere kreative Künstlerinnen ihre handgefertigten Kunstgegenstände [&hellip;]</p>
